ose -3*v + 2*t + 10 + 23 = 0, 5*v - 74 = -3*t. Suppose -4*f + 7 + v = 0. Suppose -149 = -f*l + 21. Is 17 a factor of l?
True
Suppose 35 = 4*y - 3*y. Suppose -3*h + y = 2*z, 9*h - z = 4*h + 67. Is h a multiple of 9?
False
Let r = 33 + -14. Does 6 divide r?
False
Let w(r) = r**2 - 3*r - 7. Let o(q) be the third derivative of q**5/60 - q**4/24 - q**3/6 + 4*q**2. Let y be o(3). Does 3 divide w(y)?
True
Let d(v) = v**3 - 6*v**2 - v + 8. Let w be d(6). Let g = w - 0. Suppose g*y = -8 + 26. Does 9 divide y?
True
Let u = -37 + 49. Does 3 divide u?
True
Suppose -3*v = 5*s, 0 = -2*v - 0*s - s. Let g = 2 + v. Suppose -3*w + 94 = -2*d, 5*d - d + 60 = g*w. Is 16 a factor of w?
True
Let i = -40 + 110. Is i a multiple of 5?
True
Suppose 4*x = 0, -7*x - 15 = -5*t - 2*x. Suppose b - t*w + 3 = 0, -b + 13 = -w + 6*w. Suppose i = 21 - b. Does 9 divide i?
True
Let t(p) = p**3 + 10*p**2 + 6*p + 7. Is t(-9) a multiple of 34?
True
Suppose -3*p + 9 = 3. Suppose -133 + 19 = -p*g. Does 19 divide g?
True
Suppose 0 = 5*m - 5*n + n - 197, -3*n = 5*m - 176. Let j = -11 + m. Is j a multiple of 18?
False
Suppose 2*j = -2*k + 128, 317 = 5*j - 4*k + 8*k. Is j a multiple of 7?
False
Suppose 0*z + 4*v = 2*z - 114, -v - 129 = -2*z. Is 8 a factor of z?
False
Suppose 3*f - 2*m + 67 = 0, -3*m = f + 15 - 0. Let p = 52 + f. Is p a multiple of 16?
False
Is 13 a factor of ((-8)/(-24))/(2/486)?
False
Let z(w) = 3*w + 1 - 6 + 3*w + 2*w**2 - w. Does 17 divide z(-7)?
False
Let k(p) be the first derivative of 12*p**3 + p**2/2 + 8. Does 9 divide k(1)?
False
Let c = -36 + 14. Suppose -47 = -3*y + 103. Let i = y + c. Does 14 divide i?
True
Let v = -127 - -247. Suppose -n = -6*n + v. Is 12 a factor of n?
True
Let k(m) = 17*m - 1. Is 27 a factor of k(8)?
True
Let m(r) = r**3 - 30*r**2 + 115*r + 29. Does 35 divide m(26)?
True
Let z be -2 - 15/(-9)*3. Suppose 0*t = -z*t - 4*b + 142, t + 4*b - 58 = 0. Does 8 divide t?
False
Let n be (9/(-4))/(3/(-8)). Does 7 divide (n/(-9))/((-2)/78)?
False
Let i(r) = 2*r - 11. Let v be i(8). Suppose 0 = v*p - 136 - 19. Is p a multiple of 14?
False
Let u(x) = 75*x**2 + 2*x + 2. Does 25 divide u(-1)?
True
Let y(z) = -z**3 - 10*z**2 - z + 11. Let d(w) = 9*w**3 - 2*w**2 - w. Let t = -8 + 7. Let a be d(t). Does 10 divide y(a)?
False
Suppose -132 - 52 = -2*x. Suppose 4*z + 0 = x. Is 23 a factor of z?
True
Let w = -15 + 8. Let k = w - -15. Is 8 a factor of k?
True
Suppose -24 = -5*k + k. Let u = k + -8. Let z = 6 + u. Is z a multiple of 4?
True
Suppose 25 = -5*m, 0 = 2*l + m - 2 - 21. Suppose 4*y = -l + 54. Suppose -3*a - 19 = -4*o - 2*a, 4*a + y = 5*o. Is 3 a factor of o?
True
Let a(n) = -n**3 - n**2 + 5*n + 2. Let l be a(-3). Suppose l*w = 3*w + 82. Let b = -25 + w. Is 7 a factor of b?
False
Suppose 0 = -5*p + 13 - 3. Is (3 - (-2)/2)*p a multiple of 4?
True
Suppose u - 2*u + 1 = -2*m, -m = -5*u + 23. Suppose 2*t + 1 - 5 = 0. Suppose t*k - 10 = 0, 2*w = 4*w + m*k - 42. Does 8 divide w?
True
Let j = -184 - -81. Let v = j - -159. Is v a multiple of 14?
True
Let a = -3 - -6. Suppose -31 = -a*f + 65. Is f a multiple of 16?
True
Let v(l) = -l**2 + 11*l + 2. Let f be v(10). Suppose 0 + f = c. Does 12 divide c?
True
Suppose 3*q + y - 210 = 0, 12 = -0*y + 4*y. Does 23 divide q?
True
Is 35 a factor of 63/(-12)*80/(-6)?
True
Suppose 62 + 33 = 5*v. Does 6 divide v?
False
Suppose 0 = u - 0 - 3. Let n = u + -3. Suppose -4*x - 30 = -w + 6, n = 5*w - 3*x - 95. Is 8 a factor of w?
True
Suppose y - 2 = -y. Let t = -7 - y. Is (t/(-3))/(2/3) a multiple of 4?
True
Suppose 0*w - 25 = -5*w. Suppose -3*v - v + 3*i + 151 = 0, i = -w. Is v a multiple of 17?
True
Let d(s) be the third derivative of s**4/24 + 11*s**3/6 - s**2. Let y be d(-6). Suppose -5*c + 90 = y*v, -3*c = -3*v - 25 + 85. Is 10 a factor of v?
False
Let w be 2 + 0 + 15 - 0. Let f = w + -8. Suppose 4*x - 104 = s + f, -s = 5. Does 10 divide x?
False
Let h = 80 - 52. Let q = 16 + h. Does 21 divide q?
False
Let b = 0 - 6. Is ((-32)/6)/(2/b) a multiple of 8?
True
Suppose -j + 28 = -3*f + 8, 2*f + 4 = 0. Is 3 a factor of j?
False
Let y be (-1 - -7)/((-2)/(-7)). Is 150/9*y/14 a multiple of 15?
False
Let z(w) = -8*w. Is 6 a factor of z(-3)?
True
Let u = -7 + 3. Let z = 54 - 75. Does 7 divide (z/2)/3*u?
True
Suppose -5*r + 4*h = -27 - 73, -r = 3*h - 20. Is 5 a factor of r?
True
Suppose -3*r - 15 = 2*r. Let p(g) = 4*g**2 + 5*g + 12. Let u(i) = i**2 + 2*i + 4. Let d(c) = 2*p(c) - 7*u(c). Does 17 divide d(r)?
True
Suppose -2*o - 3*o + 25 = 0. Is 4 a factor of o?
False
Suppose 4*h = -2*o - 2, o + 5*h + 22 = 5*o. Let q(c) = 2*c**2 - 4*c - 1. Let m be q(o). Suppose z + 104 = 4*f + 5*z, 138 = m*f + 3*z. Is 10 a factor of f?
True
Suppose u - 2*u + 28 = 4*k, -k + u = -2. Does 14 divide 160/k*(-12)/(-8)?
False
Let o(y) = y**3 + 8*y**2 - 8*y. Let t be o(-9). Does 16 divide 39 - 4/((-12)/t)?
False
Let r = 16 + -14. Suppose -r*z = -8, -24 = -2*s - z - z. Does 8 divide s?
True
Let a(k) = k**3 - 3*k**2 + 2*k + 3. Is 8 a factor of a(3)?
False
Suppose -4*g + 56 - 20 = 4*z, g - 2*z = 0. Is 28 a factor of (-2*14)/((-3)/g)?
True
Let k(r) be the second derivative of r**4/12 - r**3 + 3*r**2/2 - 3*r. Let f be k(6). Suppose -163 + 66 = -4*i - f*y, 0 = y - 3. Is 13 a factor of i?
False
Let o be (6/4)/((-6)/40). Let k = -16 - o. Let t(v) = -2*v - 2. Is t(k) a multiple of 10?
True
Let o(z) = z**2 - z + 4. Let p be o(0). Suppose p*v = 5*u + 26, -v + 4*u = -2 - 10. Suppose 0 = k - 5*j + 17, 0*j = 3*k + v*j - 44. Does 8 divide k?
True
Let x(c) = -c + 4. Let o be x(6). Let y = o + 2. Suppose 0 = -y*z + z - 9. Is 9 a factor of z?
True
Let r(q) = -q**2 - q + 5. Let m be r(0). Let o be -4 - 6/(2 - m). Does 6 divide 38/6 - o/(-6)?
True
Let s be 2*(3 + 52/(-8)). Is (-369)/s - (-10)/35 a multiple of 21?
False
Suppose -6*a + 125 = -169. Does 6 divide a?
False
Let o(v) be the first derivative of -2 + 2/3*v**3 - 4*v - 2*v**2. Is o(5) a multiple of 8?
False
Let a be (-2)/8 - (-45)/20. Suppose 88 = 3*j + a*b, -2*j - 3*j + 4*b = -110. Suppose 0 = 4*h + 3*p - 95, 0*h - h + j = 3*p. Does 23 divide h?
True
Let g be (4/3)/((-2)/6). Let s(x) = 5*x**2 + 3*x - 3*x**3 - 2*x + 4*x**3. Does 4 divide s(g)?
True
Let t(p) = p**3 - 6*p**2 + 6*p. Let g be t(5). Suppose -h + 0*h = -2*y - 8, -2*h + g*y = -15. Does 4 divide h?
False
Let l = 107 - 79. Is l a multiple of 14?
True
Let x(j) = -j + 3. Let k be x(7). Let p be k/(-22) - 4720/(-55). Let n = -60 + p. Is n a multiple of 10?
False
Let y(k) = -k**3 + 4*k**2 + k - 2. Let s be y(4). Suppose 6 = s*t - 2. Suppose 4*x = -3*v + 4*v + 75, 4*x - t*v - 84 = 0. Does 13 divide x?
False
Suppose -3*n + 2*a - 5*a + 195 = 0, 0 = 5*a + 5. Is 11 a factor of n?
True
Let a be 32/(-5)*(-25)/10. Suppose -3*j + 3*o + 121 = -o, a = -4*o. Does 35 divide j?
True
Suppose -5*m - 2*n + 412 = n, 64 = m - 4*n. Suppose -4*k = 4, 0*k + m = -3*x + k. Let a = -19 - x. Is a a multiple of 7?
False
Suppose 3*g - h = 38, -2*h - 34 = -3*g + 6. Let l = g - -10. Suppose 2*z + 0*z - 32 = 5*i, -l = -5*z - 2*i. Is 4 a factor of z?
False
Is 9 a factor of ((-90)/12)/((-3)/18)?
True
Let u = -5 + 20. Let d = u + -7. Is d a multiple of 3?
False
Suppose 3*a - 5*i = 4*a - 20, 105 = 4*a - 5*i. Suppose 4*y - 3 = a. Does 6 divide y?
False
Let s = -14 - -19. Suppose 0*d + 3*d + u - 35 = 0, s*u = d - 17. Is d a multiple of 12?
True
Let i(u) = 3*u. Is 9 a factor of i(6)?
True
Let s(g) = -4*g**3 - g**2 - g. Is s(-1) even?
True
Let b be (-26)/(-4)*(2 + 0). Let q(h) = 2*h - 11. Let j be q(7). Let m = b + j. Is m a multiple of 10?
False
Let p be (171/(-12))/(6/(-16)). Suppose 3*j - 49 - p = 0. Suppose -4*t + j + 20 = 3*g, -4*t + 5*g = -89. Does 8 divide t?
True
Let f(z) = 13*z - 9. Is f(3) a multiple of 8?
False
Let q be (-2 - -4)/(-2 - 0). Is 18/21*q*-28 a multiple of 12?
True
Let c be -4 + 3/(3/2). Let d = 18 - c. Is d a multiple of 20?
True
Suppose -3*s = -5*s. Suppose 2*f + f - 72 = s. Is 12 a factor of f?
True
Does 18 divide 9*6*4/6?
True
Let b(s) = s**3 + 4*s**2 - 7*s - 5. Suppose -3*h = -5*k + 6 - 25, 8 = -4*h. Is 5 a factor of b(k)?
True
Suppose 2*m = 7*m + 3*f - 171, 5*m - 5*f = 155. Is m a multiple of 3?
True
Is 20 a factor of 722/9 + 16/(-72)?
True
Suppose -6*o = 2*o - 104. Is o a multiple of 7?
False
Let t(j) = j**3 + j**3 + 3*j**2 + 6*j**2 - 7 - j**3. Is t(-8) a multiple of 19?
True
Supp